divided by 93.
90
What is the remainder when 10966 is divided by 59?
51
What is the remainder when 384518 is divided by 40?
38
Calculate the remainder when 41033 is divided by 661.
51
What is the remainder when 17785 is divided by 79?
10
What is the remainder when 204473 is divided by 40?
33
Calculate the remainder when 25569 is divided by 3650.
19
Calculate the remainder when 17985 is divided by 195.
45
Calculate the remainder when 567840 is divided by 121.
108
What is the remainder when 1096 is divided by 84?
4
Calculate the remainder when 320 is divided by 82.
74
What is the remainder when 4526 is divided by 885?
101
What is the remainder when 5481 is divided by 108?
81
Calculate the remainder when 1346693 is divided by 223.
219
What is the remainder when 14160 is divided by 194?
192
Calculate the remainder when 575512 is divided by 52319.
3
What is the remainder when 48468 is divided by 693?
651
Calculate the remainder when 2204 is divided by 47.
42
What is the remainder when 16389 is divided by 156?
9
What is the remainder when 23538 is divided by 193?
185
What is the remainder when 3184 is divided by 1058?
10
What is the remainder when 15177 is divided by 703?
414
What is the remainder when 821810 is divided by 7024?
2
What is the remainder when 47525 is divided by 9505?
0
Calculate the remainder when 1319 is divided by 348.
275
Calculate the remainder when 33634 is divided by 16.
2
Calculate the remainder when 964442 is divided by 9.
2
Calculate the remainder when 15315 is divided by 28.
27
Calculate the remainder when 617999 is divided by 308989.
21
What is the remainder when 431 is divided by 39?
2
What is the remainder when 7645 is divided by 1089?
22
Calculate the remainder when 18265 is divided by 1138.
57
Calculate the remainder when 302 is divided by 21.
8
Calculate the remainder when 3288 is divided by 368.
344
Calculate the remainder when 15013 is divided by 358.
335
What is the remainder when 7885 is divided by 870?
55
What is the remainder when 17113 is divided by 554?
493
What is the remainder when 17970 is divided by 52?
30
What is the remainder when 16297 is divided by 408?
385
Calculate the remainder when 45378 is divided by 46.
22
What is the remainder when 19369 is divided by 298?
297
What is the remainder when 433532 is divided by 697?
695
Calculate the remainder when 173961 is divided by 57.
54
Calculate the remainder when 3398 is divided by 1499.
400
Calculate the remainder when 12466 is divided by 2970.
586
Calculate the remainder when 3410 is divided by 154.
22
Calculate the remainder when 28822 is divided by 28803.
19
Calculate the remainder when 4548 is divided by 650.
648
Calculate the remainder when 35579 is divided by 35355.
224
What is the remainder when 43668 is divided by 2174?
188
Calculate the remainder when 131570 is divided by 127.
125
Calculate the remainder when 41165 is divided by 209.
201
What is the remainder when 14609 is divided by 261?
254
What is the remainder when 829414 is divided by 286?
14
What is the remainder when 52937 is divided by 10?
7
Calculate the remainder when 113349 is divided by 24.
21
Calculate the remainder when 29583 is divided by 86.
85
Calculate the remainder when 13549 is divided by 751.
31
Calculate the remainder when 2594 is divided by 2571.
23
What is the remainder when 190 is divided by 8?
6
What is the remainder when 71094 is divided by 1420?
94
What is the remainder when 5626 is divided by 19?
2
What is the remainder when 14869 is divided by 7419?
31
Calculate the remainder when 11207 is divided by 1116.
47
Calculate the remainder when 3399 is divided by 769.
323
Calculate the remainder when 233558 is divided by 42.
38
Calculate the remainder when 48575 is divided by 96.
95
What is the remainder when 2388837 is divided by 12?
9
What is the remainder when 1595 is divided by 728?
139
Calculate the remainder when 10898 is divided by 492.
74
Calculate the remainder when 6290 is divided by 903.
872
What is the remainder when 12297 is divided by 4090?
27
Calculate the remainder when 13131 is divided by 61.
16
Calculate the remainder when 60188 is divided by 20057.
17
What is the remainder when 56793 is divided by 78?
9
Calculate the remainder when 4178 is divided by 259.
34
Calculate the remainder when 39768 is divided by 234.
222
Calculate the remainder when 5835 is divided by 385.
60
Calculate the remainder when 7738 is divided by 14.
10
Calculate the remainder when 11746 is divided by 3902.
40
Calculate the remainder when 480603 is divided by 2215.
2163
What is the remainder when 4102 is divided by 1127?
721
What is the remainder when 2106 is divided by 2079?
27
What is the remainder when 486 is divided by 5?
1
What is the remainder when 1380 is divided by 274?
10
Calculate the remainder when 18683 is divided by 49.
14
What is the remainder when 934799 is divided by 285?
284
What is the remainder when 29806 is divided by 169?
62
What is the remainder when 96220 is divided by 96218?
2
What is the remainder when 1339 is divided by 554?
231
Calculate the remainder when 64663 is divided by 135.
133
Calculate the remainder when 906292 is divided by 365.
362
What is the remainder when 8088 is divided by 184?
176
Calculate the remainder when 56329 is divided by 56329.
0
Calculate the remainder when 493273 is divided by 394.
379
Calculate the remainder when 124629 is divided by 7789.
5
Calculate the remainder when 62170 is divided by 5180.
10
Calculate the remainder when 2963 is divided by 1018.
927
What is the remainder when 36784 is divided by 12?
4
Calculate the remainder when 4359 is divided by 182.
173
What is the remainder when 4467 is divided by 805?
442
Calculate the remainder when 20848 is divided by 20814.
34
What is the remainder when 59633 is divided by 890?
3
What is the remainder when 9251 is divided by 2211?
407
What is the remainder when 113480 is divided by 401?
398
Calculate the remainder when 4481 is divided by 30.
11
What is the remainder when 862 is divided by 823?
39
What is the remainder when 2077 is divided by 140?
117
What is the remainder when 27683 is divided by 73?
16
Calculate the remainder when 129131 is divided by 1.
0
Calculate the remainder when 1450 is divided by 17.
5
Calculate the remainder when 5357776 is divided by 316.
312
What is the remainder when 17412 is divided by 24?
12
Calculate the remainder when 6697 is divided by 93.
1
Calculate the remainder when 72462 is divided by 895.
862
What is the remainder when 51296 is divided by 43?
40
Calculate the remainder when 16432 is divided by 3286.
2
What is the remainder when 5406 is divided by 12?
6
What is the remainder when 6743191 is divided by 19?
15
What is the remainder when 146779 is divided by 5?
4
Calculate the remainder when 1064788 is divided by 152111.
11
Calculate the remainder when 303321 is divided by 45.
21
What is the remainder when 40840 is divided by 40826?
14
What is the remainder when 1130 is divided by 439?
252
What is the remainder when 13706 is divided by 6844?
18
Calculate the remainder when 53099 is divided by 330.
299
Calculate the remainder when 11511 is divided by 256.
247
Calculate the remainder when 157720 is divided by 78851.
18
Calculate the remainder when 929159 is divided by 29.
28
What is the remainder when 60937 is divided by 255?
247
What is the remainder when 27157 is divided by 35?
32
Calculate the remainder when 7496 is divided by 681.
5
What is the remainder when 299473 is divided by 9980?
73
Calculate the remainder when 2182 is divided by 41.
9
Calculate the remainder when 14084 is divided by 1759.
12
What is the remainder when 1505214 is divided by 418?
414
What is the remainder when 1302256 is divided by 186033?
25
What is the remainder when 28152 is divided by 38?
32
What is the remainder when 4143 is divided by 80?
63
What is the remainder when 17017 is divided by 808?
49
Calculate the remainder when 2138 is divided by 2092.
46
What is the remainder when 550542 is divided by 90?
12
Calculate the remainder when 316 is divided by 288.
28
Calculate the remainder when 65397 is divided by 2178.
57
What is the remainder when 80491 is divided by 344?
339
What is the remainder when 263300 is divided by 1049?
1
What is the remainder when 486107 is div